- 1. Let t be b(1). Let v = 5 - 3. Let w = t + v. What is the greatest common divisor of 5 and w?
1
Let a be (-896)/(-144) - 2/9. Let j be (-2 + 0)/((-1)/3). What is the greatest common divisor of a and j?
6
Let j be (2 - -2) + -2 + 4. What is the greatest common factor of j and 2?
2
Suppose 0 = -3*j + 2*n + 14, -j - 2*n = 3*n - 33. Suppose 4*m + 59 - 379 = 0. What is the greatest common divisor of m and j?
8
Suppose 3*t = -3*o - 2*t + 40, 5*o = 5*t. Let j(v) = -v**2 + 13*v - 4. Let w be j(o). Calculate the greatest common divisor of w and 12.
12
Suppose 34 = i + 109. Let y = i + 125. Suppose -2*z = -12 - 8. What is the greatest common divisor of y and z?
10
Suppose -52 = -k + 3*d, -2*d - 5 = 3*d. Suppose -5*t + 7*s - 3*s = -19, 5*t + 5*s = 55. What is the greatest common divisor of t and k?
7
Let j be (20/30)/(4/726). Calculate the greatest common divisor of j and 11.
11
Suppose 0*b - 10 = -b. Calculate the highest common divisor of 10 and b.
10
Let b be ((-2)/(-4))/((-3)/(-84)). What is the highest common factor of 21 and b?
7
Suppose 59 = -v - f - 4*f, -3*v = 4*f + 122. Let p be (v/(-2) + 3)*1. Calculate the highest common divisor of 4 and p.
4
Let u(a) = 6*a**2 - 2*a - 6. Let q be u(-5). Calculate the greatest common factor of q and 22.
22
Let a be -6 + 5 - (-2 + 1). Suppose 4*r - 112 = 4*d, -d = -a*d - 4. Suppose 2*t - 132 = -r. Calculate the highest common factor of t and 20.
10
Let p(c) = -c**2 + 7*c - 3. Let m be p(4). Suppose -2*l + 21 = 5*l. Calculate the greatest common factor of m and l.
3
Let t(w) = w**2 + 5*w. Let b be t(5). Suppose -14 = -4*o + b. Calculate the greatest common divisor of 4 and o.
4
Suppose 4*r - t = 799, 2*t + 1004 = 5*r - t. Suppose -r = 4*d - 519. What is the highest common divisor of 10 and d?
10
Suppose -155 = -w + 29. Let l be 4/6 + w/12. What is the greatest common divisor of 144 and l?
16
Suppose -3*m = 4*w + 31, -m + 4*w = -0*m - 11. Let c be m/10 - (-11)/2. Let d = c + 5. Calculate the highest common factor of d and 80.
10
Suppose 0 = -3*r + j - 3*j + 31, 0 = -4*r - j + 43. Suppose -a + f = -r, 2*a + 4*f = -f + 43. Calculate the highest common factor of 28 and a.
14
Suppose 0 = 4*b - 3*b. Suppose w - 5*t - 34 = b, -2*w + 56 = 3*t + 14. What is the greatest common factor of w and 16?
8
Suppose 6*k - 3*k - 60 = 0. Let u = 46 - 10. Suppose z + x - 9 = u, 0 = 3*z - 3*x - 165. What is the greatest common divisor of k and z?
10
Let o(x) = -x + 13. Let i be o(6). Let v be (-614)/(-7) - (-2)/i. Calculate the highest common divisor of v and 8.
8
Let d be ((-5)/(-3))/1*3. What is the greatest common divisor of d and 25?
5
Let y(v) = v**3 + 6*v**2 + 5*v + 3. Let a be y(-5). Let q be 2/(14/4 - a). Suppose -q*f + 225 = -f. Calculate the highest common factor of 30 and f.
15
Let h = 0 + 34. Suppose -m - 5*s + 103 = 0, -483 = -4*m - 4*s - 135. Let u be m + -4*(-2)/4. Calculate the greatest common divisor of u and h.
17
Suppose -w + 0*w + 2 = 0. Let j be 12*(1 - w/(-4)). Calculate the greatest common divisor of j and 2.
2
Let p(v) = 3*v - 1. Let d be p(3). Let x(q) = -4*q**3 - 3*q**2 + 2*q - 3. Let h be x(-3). Calculate the highest common factor of h and d.
8
Suppose 0 = 5*r - 9*r + 528. Let q be 2136/r - (-2)/(-11). Calculate the highest common factor of q and 128.
16
Let h = -2 - 6. Let f be (-4)/(h/2) + 25. What is the highest common divisor of 65 and f?
13
Let j(d) = -d**3 + 8*d**2 + 10*d - 6. Let f be j(9). What is the greatest common factor of 3 and f?
3
Let i(v) = -11*v**3 + v**2 + v + 1. Let q be i(-1). Suppose -18 = -c + q. Suppose 1 = -d + 13. What is the highest common factor of c and d?
6
Let i be ((-140)/49)/((-2)/7). What is the greatest common factor of i and 15?
5
Let p be 4 - 1 - (3 + -3). Suppose -2*x = 3*i + p*x - 31, 0 = -2*i + 5*x - 21. Let k = i - 0. Calculate the highest common divisor of k and 4.
2
Let s be 2/12 + 3879/54. What is the highest common factor of s and 180?
36
Let r be (-1 - 25/(-2))*4. Calculate the highest common divisor of 184 and r.
46
Suppose 0*h - 5 = -h. Let s = 20 - 19. Calculate the greatest common divisor of s and h.
1
Let a(j) = -j**2 - 12*j - 23. Let s be a(-7). Calculate the highest common divisor of 96 and s.
12
Let i(j) = 14*j**2 - j - 3. Let h be i(-5). What is the greatest common divisor of h and 32?
32
Suppose 2*y - 19 = -2*j - 3*y, -2 = -2*y. Let r(b) = -2*b**2 - 3*b + 1. Let n be r(3). Let m = 40 + n. What is the greatest common factor of m and j?
7
Let u = -25 + 290. What is the highest common factor of 53 and u?
53
Let z be ((-12)/(-3))/(4/6). Let c = z - 2. What is the highest common divisor of c and 32?
4
Let o = -84 - -102. Calculate the greatest common divisor of o and 6.
6
Let w(y) = -y + 4. Let i be w(0). Calculate the greatest common factor of 4 and i.
4
Let g(q) = 25*q**2 - 2. Let h be g(2). Suppose 4*n - 7*n = p - 42, -4*n + 4*p = -56. Calculate the highest common factor of h and n.
14
Let w = -3 + 8. Suppose z - 1 = w. Calculate the highest common factor of 18 and z.
6
Let a be (-2)/4 - 37/(-2). Let o be -3 + (a - (0 + -3)). What is the greatest common factor of o and 126?
18
Suppose 6*i + i - 336 = 0. Let f be (1/(-2))/(2/(-24)). What is the greatest common factor of i and f?
6
Let k be 64/10*(-6 - -11). Let b be 76/18 - k/144. Calculate the highest common divisor of b and 8.
4
Let a be 2/(-3)*(-428 - -14). Calculate the highest common factor of a and 12.
12
Let s(r) = r**3 - 5*r**2 + 4*r - 3. Let b be s(4). Let t(d) = -d + 4. Let x be t(b). Let m = 86 + -9. Calculate the highest common divisor of x and m.
7
Let h = -26 - 2. Let j be (h/(-8))/7*16. Calculate the greatest common factor of 56 and j.
8
Let b(l) = 3*l**2 + 5*l - 3. Let k be b(3). Let r be 2 + (k - 2/2). Let c be (-1 + -3 + 6)*8. What is the greatest common divisor of r and c?
8
Let p = 16 + -10. Suppose p*q - 3*q = 5*c + 39, 0 = c - 5*q + 21. Let d be (-4)/c + (-352)/(-12). Calculate the highest common divisor of d and 75.
15
Let y(l) = -l**3 + 2*l**2 + 4*l + 2. Let m be y(-3). Calculate the greatest common factor of m and 70.
35
Let t(h) = 2*h - 1. Let u = -4 + 11. Let a be t(u). Calculate the highest common divisor of a and 13.
13
Let x(q) = 2*q**2 - 7*q + 5. Let g be x(4). Suppose -m + 43 = 4*b, -m + 3*b - 147 = -6*m. What is the greatest common factor of g and m?
9
Let a(r) = -r**3 - 12*r**2 - 11*r + 4. Let n be a(-11). Calculate the greatest common factor of n and 6.
2
Suppose 3*o + 5 = 11. Suppose -o*h - 2*h + 88 = 0. Calculate the highest common divisor of h and 2.
2
Let h be (30/(-21))/((-3)/21). Calculate the greatest common factor of h and 50.
10
Suppose 2 = -2*t - 10. Let i(u) = u**2 + 2*u + 4. Let f be i(t). Suppose 8*y - f = 4*y. What is the highest common factor of 56 and y?
7
Let g = 243 + -213. Suppose 4*m = 5*n + m, 0 = -n + 4*m. Let x be n + 1 - (-2 - 72). Calculate the highest common factor of g and x.
15
Let a(c) = -c**3 + 5*c - 4. Let l be a(-5). Let q(j) = -j**2 - 2*j - 6. Let o be q(5). Let r = -29 - o. Calculate the highest common factor of l and r.
12
Let r(p) = -p**2 - 7*p - 3. Suppose 5*z - 2*z - 18 = 2*q, 3*q - 4*z + 26 = 0. Let y be r(q). What is the highest common divisor of 3 and y?
3
Let m be 3*-13*(-4)/3. Calculate the greatest common divisor of 364 and m.
52
Let i = 13 + 7. Calculate the highest common factor of i and 100.
20
Let h = 19 - -125. Calculate the highest common factor of 18 and h.
18
Suppose -5*s = -g + 2*g + 9, -g + 3*s = -7. Suppose -g = -d - 0. Let l be d - (-2 + 4 + -12). Calculate the greatest common factor of l and 22.
11
Suppose q + 23 = f + 8, 2*f - 31 = 3*q. Let k(a) = a**2 - 13*a + 11. Let x be k(f). What is the greatest common factor of 10 and x?
5
Let i be 10 - (-3 - -3 - 3). Let k be 2/(-2) + 0 + 92. What is the greatest common factor of k and i?
13
Suppose -52*b + 57*b = 110. What is the highest common divisor of 110 and b?
22
Let f(y) = -y**3 + 8*y**2 - 4*y + 3. Let k be f(7). What is the greatest common factor of 32 and k?
8
Let j(w) = w**3 - 4*w**2 + 7*w - 8. Let v be j(6). Let o = v - 184. Let c be (-2 + o/(-21))*84. What is the highest common factor of c and 18?
18
Let k be (2/(-4))/((-2)/8). Suppose 0 = -3*j - 2*b + 80, 4*j - k*b - 32 = 3*j. Suppose 4*z - 2 - 166 = 0. Calculate the greatest common divisor of j and z.
